3 - 4*w**2 - 197*w - 396. Calculate d(-2).
118
Let v(u) = -110521*u - 20446380. Calculate v(-185).
5
Let q(l) = 2*l**3 - 674*l**2 + 3967*l + 34. What is q(6)?
4
Let h(i) = -1428*i**2 + 605486*i - 5933. What is h(424)?
3
Let q(b) = -33*b**3 - 95*b**2 - 5*b - 2. Give q(-3).
49
Let x(o) = -15*o**2 - 61*o + 37. Determine x(5).
-643
Let f(n) = -n**3 - 102*n**2 - 311*n - 1582. What is f(-99)?
-196
Let t(f) = -f**3 + 150*f**2 - 652*f + 121245. Calculate t(151).
-8
Let u(v) = 162*v**2 - 493*v - 936. Calculate u(-2).
698
Let s(t) = -56085*t - 112174. Give s(-2).
-4
Let u(l) = l**2 - 272*l + 11227. Determine u(52).
-213
Let u(g) = 6*g**3 + 1777*g**2 + 296*g - 65. Give u(-296).
-65
Let j(l) = -25*l - 3547. Give j(-130).
-297
Let t(i) = 11*i**3 - 93*i**2 - 229*i + 23. What is t(14)?
8773
Let j(g) = -574*g**2 - 1780*g - 1. Give j(-5).
-5451
Let c(m) = 37*m**3 - 193*m**2 - 98*m + 2. Calculate c(5).
-688
Let r(j) = 27932*j + 139646. Calculate r(-5).
-14
Let r(y) = -1446*y - 82265. Give r(-57).
157
Let t(s) = 1734*s + 55568. Give t(-32).
80
Let i(c) = -253136*c + 45311340. Calculate i(179).
-4
Let v(h) = 3*h**3 - 127*h**2 + 294*h - 523. What is v(40)?
37
Let u(s) = -519*s**2 + 4688*s + 7. Determine u(9).
160
Let b(g) = g**2 - 2436*g + 105262. Calculate b(44).
14
Let p(b) = 17*b**3 - 1310*b**2 + 168*b - 7002. Determine p(77).
5
Let k(u) = u**3 + 78*u**2 + 432*u - 274. What is k(-72)?
-274
Let f(m) = m**3 - 2*m**2 - 1069*m - 6108. Calculate f(-6).
18
Let s(c) = c**3 - 11*c**2 - 2670*c + 34411. Give s(13).
39
Let h(t) = -392669*t + 2748682. What is h(7)?
-1
Let y(i) = -i**3 + 37*i**2 - 414*i + 1267. Give y(17).
9
Let j(y) = 9585*y + 661282. What is j(-69)?
-83
Let k(m) = 29088*m - 22165056. Calculate k(762).
0
Let v(g) = 188122*g - 2633693. Calculate v(14).
15
Let p(r) = 845*r - 44325. Calculate p(53).
460
Let p(o) = -19*o**2 - 1480*o + 1604. Determine p(-79).
-55
Let n(k) = -k**3 + 1059*k**2 - 61*k + 64577. What is n(1059)?
-22
Let x(y) = 7*y**2 + 1019*y + 688. What is x(-146)?
1126
Let p(c) = 12328*c - 641052. Calculate p(52).
4
Let x(b) = 321703*b + 11581299. Determine x(-36).
-9
Let m(h) = -3765*h + 169404. Calculate m(45).
-21
Let p(s) = 2846*s - 85430. Calculate p(30).
-50
Let c(l) = 4*l**2 + 2394*l + 22389. Calculate c(-589).
7
Let h(a) = 5811*a + 424210. Calculate h(-73).
7
Let d(b) = -2*b**3 + 646*b**2 + 1320*b - 6914. Give d(325).
-414
Let q(s) = -7557*s - 423186. Calculate q(-56).
6
Let u(p) = p**2 + 727*p + 24199. Determine u(-35).
-21
Let b(t) = -5009*t + 20176. Calculate b(4).
140
Let k(x) = 7*x**3 + 16*x**2 - 75*x - 5. Calculate k(6).
1633
Let n(t) = 45*t**2 + 495*t - 1973. Determine n(4).
727
Let p(h) = -22*h**2 + 649*h - 4478. Calculate p(18).
76
Let q(d) = -d**2 - 390*d - 23842. Give q(-76).
22
Let s(f) = 283*f - 2436. Give s(9).
111
Let u(a) = -a**3 - 41*a**2 - 60*a - 50. What is u(-39)?
-752
Let g(r) = 2*r**3 - 427*r**2 + 186*r + 6433. What is g(213)?
682
Let y(c) = -50*c**2 - 2254*c + 15153. Give y(-51).
57
Let w(f) = 8150*f + 41224. Calculate w(-5).
474
Let j(q) = -2*q**3 + 658*q**2 - 18*q + 5471. What is j(329)?
-451
Let o(f) = -8*f**2 - 2451*f - 22018. Determine o(-9).
-607
Let v(n) = -n**3 + 67*n**2 - 1561*n + 93004. Determine v(65).
-11
Let h(f) = -4*f**2 + 73*f - 709. Calculate h(25).
-1384
Let i(r) = 15*r**2 - 429*r - 38. Calculate i(29).
136
Let i(f) = 1281*f - 2700. Give i(2).
-138
Let j(f) = 4303*f - 202424. Give j(47).
-183
Let g(x) = 501*x - 1662. Determine g(3).
-159
Let i(a) = 213*a**2 + 1490*a - 71. Give i(-7).
-64
Let s(r) = -21*r**2 + 71*r - 327. Determine s(5).
-497
Let j(c) = 6*c**2 + 380*c + 67. Give j(0).
67
Let l(y) = -y**3 - 113*y**2 - 758*y - 35044. Determine l(-109).
54
Let p(j) = -2*j**2 + 3552*j - 149043. Calculate p(43).
-5
Let k(o) = -61241*o - 183707. Determine k(-3).
16
Let j(h) = h**2 + 175*h - 11644. Calculate j(51).
-118
Let b(y) = -26991*y - 539894. Calculate b(-20).
-74
Let t(d) = 4411*d + 282304. What is t(-64)?
0
Let m(w) = -w**3 + 42*w**2 - 336*w - 69. Calculate m(31).
86
Let m(q) = -q**3 - 10*q**2 - 7777*q - 54283. What is m(-7)?
9
Let f(k) = 2*k**2 - 17953*k + 554636. Calculate f(31).
15
Let s(r) = -r**3 + 13*r**2 + 29*r + 635. Determine s(17).
-28
Let d(g) = -9*g**3 - 20*g**2 - 21*g - 9. Give d(-1).
1
Let n(m) = -3019*m + 459. Give n(-1).
3478
Let f(r) = -7*r**2 + 856*r - 7206. Determine f(9).
-69
Let n(o) = 4*o**2 - 1028*o + 6063. Calculate n(6).
39
Let t(w) = -113*w**3 + 31276*w**2 + 6918*w + 1946. Calculate t(277).
7
Let u(t) = -3*t**2 + 719*t - 29794. Give u(56).
1062
Let s(f) = 121*f - 2439. Calculate s(28).
949
Let v(m) = -5*m**3 + 133*m**2 + 49*m + 123. Determine v(27).
-12
Let i(x) = 29*x**2 + 397*x + 256. What is i(-13)?
-4
Let g(t) = -239*t - 68937. Determine g(-287).
-344
Let f(r) = -r**3 + 56*r**2 - 367*r + 3017. Calculate f(50).
-333
Let g(a) = -2*a**2 - 134*a + 13068. What is g(54)?
0
Let v(w) = -156821*w + 470303. What is v(3)?
-160
Let r(d) = 4*d**2 - 179*d + 2643. What is r(17)?
756
Let f(z) = 2*z**3 + 38*z**2 + 65*z - 10. Determine f(-2).
-4
Let j(a) = -3090*a - 34042. Give j(-11).
-52
Let h(o) = 33029*o - 5548900. What is h(168)?
-28
Let z(a) = a**3 + 361*a**2 + 3861*a + 9. Determine z(-11).
-112
Let b(g) = -12*g**2 - 244*g - 494. What is b(-18)?
10
Let u(r) = 10875*r + 2968882. Give u(-273).
7
Let a(b) = 69*b - 8743. Calculate a(125).
-118
Let o(p) = -p**3 + 403*p**2 - 1187*p - 43. What is o(3)?
-4
Let w(g) = g**3 + 242*g**2 + 2299*g - 4878. Determine w(-232).
-6
Let l(h) = h**2 + 86503*h - 3721467. Give l(43).
11
Let h(s) = -3*s**3 - 20*s**2 + 164*s + 1105. Calculate h(-7).
6
Let u(q) = -5*q**2 + 358*q - 5944. Determine u(45).
41
Let o(d) = d**3 + 54*d**2 - 13*d - 99. Calculate o(-54).
603
Let t(j) = 25*j**2 + 6*j - 121. Calculate t(-7).
1062
Let z(n) = 401*n - 111552. Give z(280).
728
Let x(f) = -f**3 + 277*f**2 + 2575*f + 2398. What is x(286)?
2684
Let w(o) = -o**3 + 59*o**2 - 616*o - 687. Give w(15).
-27
Let m(w) = w**3 - 44*w**2 + 3290*w - 12555. Calculate m(4).
-35
Let z(u) = u**3 + 10*u**2 + 470*u - 2724. Give z(5).
1
Let r(z) = -14656*z + 58436. Give r(4).
-188
Let g(p) = -p**3 - 216*p**2 - 11611*p + 5731. What is g(-108)?
7
Let f(m) = 66*m**2 - 348*m - 10. Determine f(6).
278
Let h(o) = -114*o - 12548. What is h(-101)?
-1034
Let n(b) = 1491*b**2 - 5969*b + 4. Determine n(4).
-16
Let g(i) = -i**3 - 14*i**2 - 5469*i - 70993. Calculate g(-13).
-65
Let u(x) = -x**3 - 24*x**2 - 305*x - 3754. Calculate u(-18).
-208
Let w(x) = 82*x - 3830. Determine w(28).
-1534
Let k(b) = 6886*b + 35160. Calculate k(-5).
730
Let b(t) = 6*t**2 - 768*t - 4985. Calculate b(134).
-161
Let t(h) = 3033*h + 230504. Determine t(-76).
-4
Let a(p) = 179731*p - 4493270. What is a(25)?
5
Let v(h) = 7838*h - 195910. Calculate v(25).
40
Let y(t) = -12*t**2 + 17092*t + 68373. Determine y(-4).
-187
Let d(z) = -10977474*z - 10977468. Determine d(-1).
6
Let r(y) = 2*y**3 + 21*y**2 + 178*y - 449. Calculate r(2).
7
Let f(b) = 2141*b - 28038. Calculate f(13).
-205
Let s(t) = t**3 + 261*t**2 - 4131*t - 75. Determine s(15).
60
Let s(a) = 6549*a**2 - 12986*a + 4. What is s(2)?
228
Let f(r) = -396*r**2 + 4246*r + 1569. Give f(11).
359
Let m(x) = -8*x**3 - 46*x**2 - 51*x - 4. Calculate m(-1).
9
Let g(b) = 80347*b + 2008674. What is g(-25)?
-1
Let j(i) = i**3 - 26*i**2 + 38*i + 221. Give j(23).
-492
Let d(i) = 489*i + 169650. Give d(-347).
-33
Let s(n) = 7*n**2 - 1306*n + 2799. Determine s(186).
2055
Let a(v) = -v**3 - 279*v**2 - 8750*v - 451. Give a(-243).
35
Let o(m) = -m**3 + 120*m**2 - 2169*m + 279. Determine o(22).
-7
Let f(c) = 10*c**2 + 139*c - 743. What is f(7)?
720
Let o(a) = -9464*a - 55479. Determine o(-6).
1305
Let h(o) = o**2 - 99*o - 13138. Determine h(-71).
-1068
Let z(w) = -w**2 - 351*w - 15328. What is z(-53)?
466
Let n(v) = -10274*v - 62514. Give n(-6).
-870
Let b(x) = 39784*x - 1074170. What is b(27)?
-2
Let r(m) = -4*m**3 + 70*m**2 - 269*m - 7. Give r(12).
-67
Let y(b) = -b**3 - 277*b**2 + 3286*b + 2187. Give y(12).
3
Let b(o) = 7*o**2 - 75*o - 827. Give b(-8).
221
Let k(q) = -4*q**2 + 234*q - 1987. What is k(55)?
-1217
Let f(n) = -2628*n + 10898. Give f(5).
-2242
Let c(f) = -2*f**3 - 301*f**2 + 349*f - 16494. Determine c(-152).
-230
Let n(q) = 77263*q + 1468018. Calculate n(-19).
21
Let w(c) = 2